{"id":8897,"date":"2022-07-05T12:26:35","date_gmt":"2022-07-05T10:26:35","guid":{"rendered":"https:\/\/arcclubsaintlois.fr\/?page_id=8897"},"modified":"2024-08-03T23:14:58","modified_gmt":"2024-08-03T21:14:58","slug":"ouverture-du-terrain-ete-2022","status":"publish","type":"page","link":"https:\/\/arcclubsaintlois.fr\/index.php\/ouverture-du-terrain-ete-2022\/","title":{"rendered":"Ouverture du terrain \u00e9t\u00e9 2024"},"content":{"rendered":"\n<p>Sera indiqu\u00e9 sur cette page si des encadrants vont s&#8217;entrainer au terrain cet \u00e9t\u00e9, sur les cr\u00e9neaux o\u00f9 ils seront pr\u00e9sent les autres archers pourront venir tirer. Ce ne serait pas des entrainements mais du tir libre avec acc\u00e8s au mat\u00e9riel. <\/p>\n\n\n\n<p>Les archers ayant leur propre mat\u00e9riel et \u00e9tant autonome dans leur pratique du tir pourront acc\u00e9der librement au terrain d&#8217;entrainement.<\/p>\n\n\n\n<p><\/p>\n\n\n\n<p>Souvent ouvert le dimanche apr\u00e8s-midi ou le lundi, n&#8217;h\u00e9sitez pas \u00e0 envoyer un sms \u00e0 Gabin si vous \u00eates int\u00e9ress\u00e9 un de ses 2 jours <\/p>\n","protected":false},"excerpt":{"rendered":"<p>Sera indiqu\u00e9 sur cette page si des encadrants vont s&#8217;entrainer au terrain cet \u00e9t\u00e9, sur les cr\u00e9neaux o\u00f9 ils seront pr\u00e9sent les autres archers pourront venir tirer. Ce ne serait pas des entrainements mais du tir libre avec acc\u00e8s au mat\u00e9riel. Les archers ayant leur propre mat\u00e9riel et \u00e9tant autonome dans leur pratique du tir pourront acc\u00e9der librement au terrain d&#8217;entrainement. Souvent ouvert le dimanche apr\u00e8s-midi ou le lundi, n&#8217;h\u00e9sitez pas \u00e0 envoyer un sms \u00e0 Gabin si vous \u00eates&#8230;<\/p>\n<p class=\"read-more\"><a class=\"btn btn-default\" href=\"https:\/\/arcclubsaintlois.fr\/index.php\/ouverture-du-terrain-ete-2022\/\"> Read More<span class=\"screen-reader-text\">  Read More<\/span><\/a><\/p>\n","protected":false},"author":1,"featured_media":0,"parent":0,"menu_order":0,"comment_status":"closed","ping_status":"closed","template":"","meta":{"ngg_post_thumbnail":0,"footnotes":""},"class_list":["post-8897","page","type-page","status-publish","hentry"],"yoast_head":"<!-- This site is optimized with the Yoast SEO plugin v19.6.1 - https:\/\/yoast.com\/wordpress\/plugins\/seo\/ -->\n<title>Ouverture du terrain \u00e9t\u00e9 2024 - Arc Club Saint-Lois<\/title>\n<meta name=\"robots\" content=\"index, follow, max-snippet:-1, max-image-preview:large, max-video-preview:-1\" \/>\n<link rel=\"canonical\" href=\"https:\/\/arcclubsaintlois.fr\/index.php\/ouverture-du-terrain-ete-2022\/\" \/>\n<meta property=\"og:locale\" content=\"en_US\" \/>\n<meta property=\"og:type\" content=\"article\" \/>\n<meta property=\"og:title\" content=\"Ouverture du terrain \u00e9t\u00e9 2024 - Arc Club Saint-Lois\" \/>\n<meta property=\"og:description\" content=\"Sera indiqu\u00e9 sur cette page si des encadrants vont s&#8217;entrainer au terrain cet \u00e9t\u00e9, sur les cr\u00e9neaux o\u00f9 ils seront pr\u00e9sent les autres archers pourront venir tirer. Ce ne serait pas des entrainements mais du tir libre avec acc\u00e8s au mat\u00e9riel. Les archers ayant leur propre mat\u00e9riel et \u00e9tant autonome dans leur pratique du tir pourront acc\u00e9der librement au terrain d&#8217;entrainement. Souvent ouvert le dimanche apr\u00e8s-midi ou le lundi, n&#8217;h\u00e9sitez pas \u00e0 envoyer un sms \u00e0 Gabin si vous \u00eates... Read More Read More\" \/>\n<meta property=\"og:url\" content=\"https:\/\/arcclubsaintlois.fr\/index.php\/ouverture-du-terrain-ete-2022\/\" \/>\n<meta property=\"og:site_name\" content=\"Arc Club Saint-Lois\" \/>\n<meta property=\"article:modified_time\" content=\"2024-08-03T21:14:58+00:00\" \/>\n<meta name=\"twitter:card\" content=\"summary_large_image\" \/>\n<meta name=\"twitter:label1\" content=\"Est. reading time\" \/>\n\t<meta name=\"twitter:data1\" content=\"1 minute\" \/>\n<script type=\"application\/ld+json\" class=\"yoast-schema-graph\">{\"@context\":\"https:\/\/schema.org\",\"@graph\":[{\"@type\":\"WebPage\",\"@id\":\"https:\/\/arcclubsaintlois.fr\/index.php\/ouverture-du-terrain-ete-2022\/\",\"url\":\"https:\/\/arcclubsaintlois.fr\/index.php\/ouverture-du-terrain-ete-2022\/\",\"name\":\"Ouverture du terrain \u00e9t\u00e9 2024 - Arc Club Saint-Lois\",\"isPartOf\":{\"@id\":\"https:\/\/arcclubsaintlois.fr\/#website\"},\"datePublished\":\"2022-07-05T10:26:35+00:00\",\"dateModified\":\"2024-08-03T21:14:58+00:00\",\"breadcrumb\":{\"@id\":\"https:\/\/arcclubsaintlois.fr\/index.php\/ouverture-du-terrain-ete-2022\/#breadcrumb\"},\"inLanguage\":\"en-US\",\"potentialAction\":[{\"@type\":\"ReadAction\",\"target\":[\"https:\/\/arcclubsaintlois.fr\/index.php\/ouverture-du-terrain-ete-2022\/\"]}]},{\"@type\":\"BreadcrumbList\",\"@id\":\"https:\/\/arcclubsaintlois.fr\/index.php\/ouverture-du-terrain-ete-2022\/#breadcrumb\",\"itemListElement\":[{\"@type\":\"ListItem\",\"position\":1,\"name\":\"Accueil\",\"item\":\"https:\/\/arcclubsaintlois.fr\/\"},{\"@type\":\"ListItem\",\"position\":2,\"name\":\"Ouverture du terrain \u00e9t\u00e9 2024\"}]},{\"@type\":\"WebSite\",\"@id\":\"https:\/\/arcclubsaintlois.fr\/#website\",\"url\":\"https:\/\/arcclubsaintlois.fr\/\",\"name\":\"Arc Club Saint-Lois\",\"description\":\"Le tir \u00e0 l&#039;arc sur St L\u00f4 pour tous\",\"potentialAction\":[{\"@type\":\"SearchAction\",\"target\":{\"@type\":\"EntryPoint\",\"urlTemplate\":\"https:\/\/arcclubsaintlois.fr\/?s={search_term_string}\"},\"query-input\":\"required name=search_term_string\"}],\"inLanguage\":\"en-US\"}]}<\/script>\n<!-- \/ Yoast SEO plugin. -->","yoast_head_json":{"title":"Ouverture du terrain \u00e9t\u00e9 2024 - Arc Club Saint-Lois","robots":{"index":"index","follow":"follow","max-snippet":"max-snippet:-1","max-image-preview":"max-image-preview:large","max-video-preview":"max-video-preview:-1"},"canonical":"https:\/\/arcclubsaintlois.fr\/index.php\/ouverture-du-terrain-ete-2022\/","og_locale":"en_US","og_type":"article","og_title":"Ouverture du terrain \u00e9t\u00e9 2024 - Arc Club Saint-Lois","og_description":"Sera indiqu\u00e9 sur cette page si des encadrants vont s&#8217;entrainer au terrain cet \u00e9t\u00e9, sur les cr\u00e9neaux o\u00f9 ils seront pr\u00e9sent les autres archers pourront venir tirer. Ce ne serait pas des entrainements mais du tir libre avec acc\u00e8s au mat\u00e9riel. Les archers ayant leur propre mat\u00e9riel et \u00e9tant autonome dans leur pratique du tir pourront acc\u00e9der librement au terrain d&#8217;entrainement. Souvent ouvert le dimanche apr\u00e8s-midi ou le lundi, n&#8217;h\u00e9sitez pas \u00e0 envoyer un sms \u00e0 Gabin si vous \u00eates... Read More Read More","og_url":"https:\/\/arcclubsaintlois.fr\/index.php\/ouverture-du-terrain-ete-2022\/","og_site_name":"Arc Club Saint-Lois","article_modified_time":"2024-08-03T21:14:58+00:00","twitter_card":"summary_large_image","twitter_misc":{"Est. reading time":"1 minute"},"schema":{"@context":"https:\/\/schema.org","@graph":[{"@type":"WebPage","@id":"https:\/\/arcclubsaintlois.fr\/index.php\/ouverture-du-terrain-ete-2022\/","url":"https:\/\/arcclubsaintlois.fr\/index.php\/ouverture-du-terrain-ete-2022\/","name":"Ouverture du terrain \u00e9t\u00e9 2024 - Arc Club Saint-Lois","isPartOf":{"@id":"https:\/\/arcclubsaintlois.fr\/#website"},"datePublished":"2022-07-05T10:26:35+00:00","dateModified":"2024-08-03T21:14:58+00:00","breadcrumb":{"@id":"https:\/\/arcclubsaintlois.fr\/index.php\/ouverture-du-terrain-ete-2022\/#breadcrumb"},"inLanguage":"en-US","potentialAction":[{"@type":"ReadAction","target":["https:\/\/arcclubsaintlois.fr\/index.php\/ouverture-du-terrain-ete-2022\/"]}]},{"@type":"BreadcrumbList","@id":"https:\/\/arcclubsaintlois.fr\/index.php\/ouverture-du-terrain-ete-2022\/#breadcrumb","itemListElement":[{"@type":"ListItem","position":1,"name":"Accueil","item":"https:\/\/arcclubsaintlois.fr\/"},{"@type":"ListItem","position":2,"name":"Ouverture du terrain \u00e9t\u00e9 2024"}]},{"@type":"WebSite","@id":"https:\/\/arcclubsaintlois.fr\/#website","url":"https:\/\/arcclubsaintlois.fr\/","name":"Arc Club Saint-Lois","description":"Le tir \u00e0 l&#039;arc sur St L\u00f4 pour tous","potentialAction":[{"@type":"SearchAction","target":{"@type":"EntryPoint","urlTemplate":"https:\/\/arcclubsaintlois.fr\/?s={search_term_string}"},"query-input":"required name=search_term_string"}],"inLanguage":"en-US"}]}},"_links":{"self":[{"href":"https:\/\/arcclubsaintlois.fr\/index.php\/wp-json\/wp\/v2\/pages\/8897","targetHints":{"allow":["GET"]}}],"collection":[{"href":"https:\/\/arcclubsaintlois.fr\/index.php\/wp-json\/wp\/v2\/pages"}],"about":[{"href":"https:\/\/arcclubsaintlois.fr\/index.php\/wp-json\/wp\/v2\/types\/page"}],"author":[{"embeddable":true,"href":"https:\/\/arcclubsaintlois.fr\/index.php\/wp-json\/wp\/v2\/users\/1"}],"replies":[{"embeddable":true,"href":"https:\/\/arcclubsaintlois.fr\/index.php\/wp-json\/wp\/v2\/comments?post=8897"}],"version-history":[{"count":4,"href":"https:\/\/arcclubsaintlois.fr\/index.php\/wp-json\/wp\/v2\/pages\/8897\/revisions"}],"predecessor-version":[{"id":9326,"href":"https:\/\/arcclubsaintlois.fr\/index.php\/wp-json\/wp\/v2\/pages\/8897\/revisions\/9326"}],"wp:attachment":[{"href":"https:\/\/arcclubsaintlois.fr\/index.php\/wp-json\/wp\/v2\/media?parent=8897"}],"curies":[{"name":"wp","href":"https:\/\/api.w.org\/{rel}","templated":true}]}}