{"id":6980,"date":"2018-12-26T22:01:52","date_gmt":"2018-12-26T21:01:52","guid":{"rendered":"https:\/\/www.arcclubsaintlois.fr\/?page_id=6980"},"modified":"2018-12-26T22:06:08","modified_gmt":"2018-12-26T21:06:08","slug":"prestations-ce","status":"publish","type":"page","link":"https:\/\/arcclubsaintlois.fr\/index.php\/prestations-ce\/","title":{"rendered":"Prestations &#8211; CE"},"content":{"rendered":"<p>Le tir \u00e0 l&#8217;arc est un sport accessible \u00e0 tous et c&#8217;est pourquoi nous proposons aux entreprises des prestations d&#8217;initiations.<\/p>\n<p>Nos tarifs pour une s\u00e9ance de 2h encadr\u00e9e avec le pr\u00eat du mat\u00e9riel sont de 7\u20ac par personne. Chaque dixi\u00e8me personne est gratuite.<\/p>\n<p>En cas de prestation en dehors de nos installations nous facturons des frais de d\u00e9placement \u00e0 hauteur de 50\u20ac jusqu&#8217;\u00e0 18 personnes et 80\u20ac au-del\u00e0.<\/p>\n<p>N&#8217;h\u00e9sitez pas \u00e0 nous contacter pour de plus amples informations.<\/p>\n","protected":false},"excerpt":{"rendered":"<p>Le tir \u00e0 l&#8217;arc est un sport accessible \u00e0 tous et c&#8217;est pourquoi nous proposons aux entreprises des prestations d&#8217;initiations. Nos tarifs pour une s\u00e9ance de 2h encadr\u00e9e avec le pr\u00eat du mat\u00e9riel sont de 7\u20ac par personne. Chaque dixi\u00e8me personne est gratuite. En cas de prestation en dehors de nos installations nous facturons des frais de d\u00e9placement \u00e0 hauteur de 50\u20ac jusqu&#8217;\u00e0 18 personnes et 80\u20ac au-del\u00e0. N&#8217;h\u00e9sitez pas \u00e0 nous contacter pour de plus amples informations.<\/p>\n","protected":false},"author":6,"featured_media":0,"parent":0,"menu_order":0,"comment_status":"closed","ping_status":"closed","template":"","meta":{"ngg_post_thumbnail":0,"footnotes":""},"class_list":["post-6980","page","type-page","status-publish","hentry"],"yoast_head":"<!-- This site is optimized with the Yoast SEO plugin v19.6.1 - https:\/\/yoast.com\/wordpress\/plugins\/seo\/ -->\n<title>Prestations - CE - Arc Club Saint-Lois<\/title>\n<meta name=\"robots\" content=\"index, follow, max-snippet:-1, max-image-preview:large, max-video-preview:-1\" \/>\n<link rel=\"canonical\" href=\"https:\/\/arcclubsaintlois.fr\/index.php\/prestations-ce\/\" \/>\n<meta property=\"og:locale\" content=\"en_US\" \/>\n<meta property=\"og:type\" content=\"article\" \/>\n<meta property=\"og:title\" content=\"Prestations - CE - Arc Club Saint-Lois\" \/>\n<meta property=\"og:description\" content=\"Le tir \u00e0 l&#8217;arc est un sport accessible \u00e0 tous et c&#8217;est pourquoi nous proposons aux entreprises des prestations d&#8217;initiations. Nos tarifs pour une s\u00e9ance de 2h encadr\u00e9e avec le pr\u00eat du mat\u00e9riel sont de 7\u20ac par personne. Chaque dixi\u00e8me personne est gratuite. En cas de prestation en dehors de nos installations nous facturons des frais de d\u00e9placement \u00e0 hauteur de 50\u20ac jusqu&#8217;\u00e0 18 personnes et 80\u20ac au-del\u00e0. N&#8217;h\u00e9sitez pas \u00e0 nous contacter pour de plus amples informations.\" \/>\n<meta property=\"og:url\" content=\"https:\/\/arcclubsaintlois.fr\/index.php\/prestations-ce\/\" \/>\n<meta property=\"og:site_name\" content=\"Arc Club Saint-Lois\" \/>\n<meta property=\"article:modified_time\" content=\"2018-12-26T21:06:08+00:00\" \/>\n<meta name=\"twitter:card\" content=\"summary_large_image\" \/>\n<script type=\"application\/ld+json\" class=\"yoast-schema-graph\">{\"@context\":\"https:\/\/schema.org\",\"@graph\":[{\"@type\":\"WebPage\",\"@id\":\"https:\/\/arcclubsaintlois.fr\/index.php\/prestations-ce\/\",\"url\":\"https:\/\/arcclubsaintlois.fr\/index.php\/prestations-ce\/\",\"name\":\"Prestations - CE - Arc Club Saint-Lois\",\"isPartOf\":{\"@id\":\"https:\/\/arcclubsaintlois.fr\/#website\"},\"datePublished\":\"2018-12-26T21:01:52+00:00\",\"dateModified\":\"2018-12-26T21:06:08+00:00\",\"breadcrumb\":{\"@id\":\"https:\/\/arcclubsaintlois.fr\/index.php\/prestations-ce\/#breadcrumb\"},\"inLanguage\":\"en-US\",\"potentialAction\":[{\"@type\":\"ReadAction\",\"target\":[\"https:\/\/arcclubsaintlois.fr\/index.php\/prestations-ce\/\"]}]},{\"@type\":\"BreadcrumbList\",\"@id\":\"https:\/\/arcclubsaintlois.fr\/index.php\/prestations-ce\/#breadcrumb\",\"itemListElement\":[{\"@type\":\"ListItem\",\"position\":1,\"name\":\"Accueil\",\"item\":\"https:\/\/arcclubsaintlois.fr\/\"},{\"@type\":\"ListItem\",\"position\":2,\"name\":\"Prestations &#8211; CE\"}]},{\"@type\":\"WebSite\",\"@id\":\"https:\/\/arcclubsaintlois.fr\/#website\",\"url\":\"https:\/\/arcclubsaintlois.fr\/\",\"name\":\"Arc Club Saint-Lois\",\"description\":\"Le tir \u00e0 l&#039;arc sur St L\u00f4 pour tous\",\"potentialAction\":[{\"@type\":\"SearchAction\",\"target\":{\"@type\":\"EntryPoint\",\"urlTemplate\":\"https:\/\/arcclubsaintlois.fr\/?s={search_term_string}\"},\"query-input\":\"required name=search_term_string\"}],\"inLanguage\":\"en-US\"}]}<\/script>\n<!-- \/ Yoast SEO plugin. -->","yoast_head_json":{"title":"Prestations - CE - Arc Club Saint-Lois","robots":{"index":"index","follow":"follow","max-snippet":"max-snippet:-1","max-image-preview":"max-image-preview:large","max-video-preview":"max-video-preview:-1"},"canonical":"https:\/\/arcclubsaintlois.fr\/index.php\/prestations-ce\/","og_locale":"en_US","og_type":"article","og_title":"Prestations - CE - Arc Club Saint-Lois","og_description":"Le tir \u00e0 l&#8217;arc est un sport accessible \u00e0 tous et c&#8217;est pourquoi nous proposons aux entreprises des prestations d&#8217;initiations. Nos tarifs pour une s\u00e9ance de 2h encadr\u00e9e avec le pr\u00eat du mat\u00e9riel sont de 7\u20ac par personne. Chaque dixi\u00e8me personne est gratuite. En cas de prestation en dehors de nos installations nous facturons des frais de d\u00e9placement \u00e0 hauteur de 50\u20ac jusqu&#8217;\u00e0 18 personnes et 80\u20ac au-del\u00e0. N&#8217;h\u00e9sitez pas \u00e0 nous contacter pour de plus amples informations.","og_url":"https:\/\/arcclubsaintlois.fr\/index.php\/prestations-ce\/","og_site_name":"Arc Club Saint-Lois","article_modified_time":"2018-12-26T21:06:08+00:00","twitter_card":"summary_large_image","schema":{"@context":"https:\/\/schema.org","@graph":[{"@type":"WebPage","@id":"https:\/\/arcclubsaintlois.fr\/index.php\/prestations-ce\/","url":"https:\/\/arcclubsaintlois.fr\/index.php\/prestations-ce\/","name":"Prestations - CE - Arc Club Saint-Lois","isPartOf":{"@id":"https:\/\/arcclubsaintlois.fr\/#website"},"datePublished":"2018-12-26T21:01:52+00:00","dateModified":"2018-12-26T21:06:08+00:00","breadcrumb":{"@id":"https:\/\/arcclubsaintlois.fr\/index.php\/prestations-ce\/#breadcrumb"},"inLanguage":"en-US","potentialAction":[{"@type":"ReadAction","target":["https:\/\/arcclubsaintlois.fr\/index.php\/prestations-ce\/"]}]},{"@type":"BreadcrumbList","@id":"https:\/\/arcclubsaintlois.fr\/index.php\/prestations-ce\/#breadcrumb","itemListElement":[{"@type":"ListItem","position":1,"name":"Accueil","item":"https:\/\/arcclubsaintlois.fr\/"},{"@type":"ListItem","position":2,"name":"Prestations &#8211; CE"}]},{"@type":"WebSite","@id":"https:\/\/arcclubsaintlois.fr\/#website","url":"https:\/\/arcclubsaintlois.fr\/","name":"Arc Club Saint-Lois","description":"Le tir \u00e0 l&#039;arc sur St L\u00f4 pour tous","potentialAction":[{"@type":"SearchAction","target":{"@type":"EntryPoint","urlTemplate":"https:\/\/arcclubsaintlois.fr\/?s={search_term_string}"},"query-input":"required name=search_term_string"}],"inLanguage":"en-US"}]}},"_links":{"self":[{"href":"https:\/\/arcclubsaintlois.fr\/index.php\/wp-json\/wp\/v2\/pages\/6980","targetHints":{"allow":["GET"]}}],"collection":[{"href":"https:\/\/arcclubsaintlois.fr\/index.php\/wp-json\/wp\/v2\/pages"}],"about":[{"href":"https:\/\/arcclubsaintlois.fr\/index.php\/wp-json\/wp\/v2\/types\/page"}],"author":[{"embeddable":true,"href":"https:\/\/arcclubsaintlois.fr\/index.php\/wp-json\/wp\/v2\/users\/6"}],"replies":[{"embeddable":true,"href":"https:\/\/arcclubsaintlois.fr\/index.php\/wp-json\/wp\/v2\/comments?post=6980"}],"version-history":[{"count":1,"href":"https:\/\/arcclubsaintlois.fr\/index.php\/wp-json\/wp\/v2\/pages\/6980\/revisions"}],"predecessor-version":[{"id":6985,"href":"https:\/\/arcclubsaintlois.fr\/index.php\/wp-json\/wp\/v2\/pages\/6980\/revisions\/6985"}],"wp:attachment":[{"href":"https:\/\/arcclubsaintlois.fr\/index.php\/wp-json\/wp\/v2\/media?parent=6980"}],"curies":[{"name":"wp","href":"https:\/\/api.w.org\/{rel}","templated":true}]}}