{"id":6966,"date":"2018-12-08T14:33:31","date_gmt":"2018-12-08T13:33:31","guid":{"rendered":"https:\/\/www.arcclubsaintlois.fr\/?page_id=6966"},"modified":"2025-11-25T17:21:07","modified_gmt":"2025-11-25T16:21:07","slug":"compte-rendu-de-reunion-de-comite-directeur","status":"publish","type":"page","link":"https:\/\/arcclubsaintlois.fr\/index.php\/compte-rendu-de-reunion-de-comite-directeur\/","title":{"rendered":"Compte rendu de r\u00e9union de comit\u00e9 directeur"},"content":{"rendered":"\n<p>Le comit\u00e9 directeur se r\u00e9unit plusieurs fois par an afin de d\u00e9finir et de faire le bilan des actions du club.<\/p>\n\n\n\n<p>Dans un soucis de transparence les comptes-rendus sont rendus publiques.<\/p>\n\n\n\n<p>Compte Rendu d&#8217;Assembl\u00e9e G\u00e9n\u00e9rale<\/p>\n\n\n\n<div class=\"wp-block-file\"><a id=\"wp-block-file--media-1f0f9536-3645-4fe7-97c7-976b066569fe\" href=\"https:\/\/arcclubsaintlois.fr\/wp-content\/uploads\/2024\/11\/Compte-rendu_AG_28-10-2024.pdf\">Compte-rendu_AG_28-10-2024<\/a><a href=\"https:\/\/arcclubsaintlois.fr\/wp-content\/uploads\/2024\/11\/Compte-rendu_AG_28-10-2024.pdf\" class=\"wp-block-file__button wp-element-button\" download aria-describedby=\"wp-block-file--media-1f0f9536-3645-4fe7-97c7-976b066569fe\">Download<\/a><\/div>\n\n\n\n<p><a href=\"https:\/\/arcclubsaintlois.fr\/docs\/Compte-rendu_AG_18-10-2023.pdf\" target=\"_blank\" rel=\"noreferrer noopener\">AG 2023 du 18 octobre 2023<\/a>  <a href=\"https:\/\/arcclubsaintlois.fr\/docs\/BudgetSigne2023.pdf\">Compte <\/a><a href=\"https:\/\/arcclubsaintlois.fr\/docs\/BilanSigne2023.pdf\">rendu et pr\u00e9vis<\/a><a href=\"https:\/\/arcclubsaintlois.fr\/docs\/BudgetSigne2023.pdf\">ionnel<\/a><\/p>\n\n\n\n<div class=\"wp-block-file\"><a id=\"wp-block-file--media-59a8a758-3359-4d08-87c4-843c36e6c57c\" href=\"https:\/\/arcclubsaintlois.fr\/wp-content\/uploads\/2025\/11\/Compte-rendu_AG_20-10-2025-1.pdf\">Compte-rendu_AG_20-10-2025<\/a><a href=\"https:\/\/arcclubsaintlois.fr\/wp-content\/uploads\/2025\/11\/Compte-rendu_AG_20-10-2025-1.pdf\" class=\"wp-block-file__button wp-element-button\" download aria-describedby=\"wp-block-file--media-59a8a758-3359-4d08-87c4-843c36e6c57c\">Download<\/a><\/div>\n\n\n\n<p>Vous les trouverez dans les liens ci-dessous :<\/p>\n\n\n\n<ul class=\"wp-block-list\">\n<li><a href=\"https:\/\/www.arcclubsaintlois.fr\/wp-content\/uploads\/2018\/12\/CR-19-10-2018.pdf\">CR 19-10-2018<\/a><\/li>\n\n\n\n<li><a href=\"https:\/\/www.arcclubsaintlois.fr\/wp-content\/uploads\/2018\/12\/CR-30-11-2018.pdf\">CR 30-11-2018<\/a><\/li>\n\n\n\n<li><a href=\"https:\/\/www.arcclubsaintlois.fr\/wp-content\/uploads\/2018\/12\/CR-01-09-2018.pdf\">CR 01-09-20<\/a>18<\/li>\n\n\n\n<li><a href=\"https:\/\/www.arcclubsaintlois.fr\/wp-content\/uploads\/2019\/04\/CR-16-02-2019.pdf\">CR 16-02-2019<\/a><\/li>\n\n\n\n<li><a href=\"https:\/\/www.arcclubsaintlois.fr\/wp-content\/uploads\/2019\/04\/CR-06-04-2019.pdf\">CR 06-04-2019<\/a><\/li>\n<\/ul>\n\n\n\n<ul class=\"wp-block-list\">\n<li><\/li>\n<\/ul>\n\n\n\n<div class=\"wp-block-file\"><a id=\"wp-block-file--media-36b6b047-be49-49ba-9779-c51451593aba\" href=\"https:\/\/arcclubsaintlois.fr\/wp-content\/uploads\/2024\/11\/CR_reunion_bureau_26-08-2024.docx\">CR_reunion_bureau_26-08-2024<\/a><a href=\"https:\/\/arcclubsaintlois.fr\/wp-content\/uploads\/2024\/11\/CR_reunion_bureau_26-08-2024.docx\" class=\"wp-block-file__button wp-element-button\" download aria-describedby=\"wp-block-file--media-36b6b047-be49-49ba-9779-c51451593aba\">Download<\/a><\/div>\n\n\n\n<div class=\"wp-block-file\"><a id=\"wp-block-file--media-5ce605d8-4f7b-43e4-80f2-9f61b6ff2b73\" href=\"https:\/\/arcclubsaintlois.fr\/wp-content\/uploads\/2024\/11\/CR_reunion_bureau_26-10-2024.pdf\">CR_reunion_bureau_26-10-2024<\/a><a href=\"https:\/\/arcclubsaintlois.fr\/wp-content\/uploads\/2024\/11\/CR_reunion_bureau_26-10-2024.pdf\" class=\"wp-block-file__button wp-element-button\" download aria-describedby=\"wp-block-file--media-5ce605d8-4f7b-43e4-80f2-9f61b6ff2b73\">Download<\/a><\/div>\n","protected":false},"excerpt":{"rendered":"<p>Le comit\u00e9 directeur se r\u00e9unit plusieurs fois par an afin de d\u00e9finir et de faire le bilan des actions du club. Dans un soucis de transparence les comptes-rendus sont rendus publiques. Compte Rendu d&#8217;Assembl\u00e9e G\u00e9n\u00e9rale AG 2023 du 18 octobre 2023 Compte rendu et pr\u00e9visionnel Vous les trouverez dans les liens ci-dessous :<\/p>\n","protected":false},"author":6,"featured_media":0,"parent":0,"menu_order":0,"comment_status":"closed","ping_status":"closed","template":"","meta":{"ngg_post_thumbnail":0,"footnotes":""},"class_list":["post-6966","page","type-page","status-publish","hentry"],"yoast_head":"<!-- This site is optimized with the Yoast SEO plugin v19.6.1 - https:\/\/yoast.com\/wordpress\/plugins\/seo\/ -->\n<title>Compte rendu de r\u00e9union de comit\u00e9 directeur - Arc Club Saint-Lois<\/title>\n<meta name=\"robots\" content=\"index, follow, max-snippet:-1, max-image-preview:large, max-video-preview:-1\" \/>\n<link rel=\"canonical\" href=\"https:\/\/arcclubsaintlois.fr\/index.php\/compte-rendu-de-reunion-de-comite-directeur\/\" \/>\n<meta property=\"og:locale\" content=\"en_US\" \/>\n<meta property=\"og:type\" content=\"article\" \/>\n<meta property=\"og:title\" content=\"Compte rendu de r\u00e9union de comit\u00e9 directeur - Arc Club Saint-Lois\" \/>\n<meta property=\"og:description\" content=\"Le comit\u00e9 directeur se r\u00e9unit plusieurs fois par an afin de d\u00e9finir et de faire le bilan des actions du club. Dans un soucis de transparence les comptes-rendus sont rendus publiques. Compte Rendu d&#8217;Assembl\u00e9e G\u00e9n\u00e9rale AG 2023 du 18 octobre 2023 Compte rendu et pr\u00e9visionnel Vous les trouverez dans les liens ci-dessous :\" \/>\n<meta property=\"og:url\" content=\"https:\/\/arcclubsaintlois.fr\/index.php\/compte-rendu-de-reunion-de-comite-directeur\/\" \/>\n<meta property=\"og:site_name\" content=\"Arc Club Saint-Lois\" \/>\n<meta property=\"article:modified_time\" content=\"2025-11-25T16:21:07+00:00\" \/>\n<meta name=\"twitter:card\" content=\"summary_large_image\" \/>\n<meta name=\"twitter:label1\" content=\"Est. reading time\" \/>\n\t<meta name=\"twitter:data1\" content=\"1 minute\" \/>\n<script type=\"application\/ld+json\" class=\"yoast-schema-graph\">{\"@context\":\"https:\/\/schema.org\",\"@graph\":[{\"@type\":\"WebPage\",\"@id\":\"https:\/\/arcclubsaintlois.fr\/index.php\/compte-rendu-de-reunion-de-comite-directeur\/\",\"url\":\"https:\/\/arcclubsaintlois.fr\/index.php\/compte-rendu-de-reunion-de-comite-directeur\/\",\"name\":\"Compte rendu de r\u00e9union de comit\u00e9 directeur - Arc Club Saint-Lois\",\"isPartOf\":{\"@id\":\"https:\/\/arcclubsaintlois.fr\/#website\"},\"datePublished\":\"2018-12-08T13:33:31+00:00\",\"dateModified\":\"2025-11-25T16:21:07+00:00\",\"breadcrumb\":{\"@id\":\"https:\/\/arcclubsaintlois.fr\/index.php\/compte-rendu-de-reunion-de-comite-directeur\/#breadcrumb\"},\"inLanguage\":\"en-US\",\"potentialAction\":[{\"@type\":\"ReadAction\",\"target\":[\"https:\/\/arcclubsaintlois.fr\/index.php\/compte-rendu-de-reunion-de-comite-directeur\/\"]}]},{\"@type\":\"BreadcrumbList\",\"@id\":\"https:\/\/arcclubsaintlois.fr\/index.php\/compte-rendu-de-reunion-de-comite-directeur\/#breadcrumb\",\"itemListElement\":[{\"@type\":\"ListItem\",\"position\":1,\"name\":\"Accueil\",\"item\":\"https:\/\/arcclubsaintlois.fr\/\"},{\"@type\":\"ListItem\",\"position\":2,\"name\":\"Compte rendu de r\u00e9union de comit\u00e9 directeur\"}]},{\"@type\":\"WebSite\",\"@id\":\"https:\/\/arcclubsaintlois.fr\/#website\",\"url\":\"https:\/\/arcclubsaintlois.fr\/\",\"name\":\"Arc Club Saint-Lois\",\"description\":\"Le tir \u00e0 l&#039;arc sur St L\u00f4 pour tous\",\"potentialAction\":[{\"@type\":\"SearchAction\",\"target\":{\"@type\":\"EntryPoint\",\"urlTemplate\":\"https:\/\/arcclubsaintlois.fr\/?s={search_term_string}\"},\"query-input\":\"required name=search_term_string\"}],\"inLanguage\":\"en-US\"}]}<\/script>\n<!-- \/ Yoast SEO plugin. -->","yoast_head_json":{"title":"Compte rendu de r\u00e9union de comit\u00e9 directeur - Arc Club Saint-Lois","robots":{"index":"index","follow":"follow","max-snippet":"max-snippet:-1","max-image-preview":"max-image-preview:large","max-video-preview":"max-video-preview:-1"},"canonical":"https:\/\/arcclubsaintlois.fr\/index.php\/compte-rendu-de-reunion-de-comite-directeur\/","og_locale":"en_US","og_type":"article","og_title":"Compte rendu de r\u00e9union de comit\u00e9 directeur - Arc Club Saint-Lois","og_description":"Le comit\u00e9 directeur se r\u00e9unit plusieurs fois par an afin de d\u00e9finir et de faire le bilan des actions du club. Dans un soucis de transparence les comptes-rendus sont rendus publiques. Compte Rendu d&#8217;Assembl\u00e9e G\u00e9n\u00e9rale AG 2023 du 18 octobre 2023 Compte rendu et pr\u00e9visionnel Vous les trouverez dans les liens ci-dessous :","og_url":"https:\/\/arcclubsaintlois.fr\/index.php\/compte-rendu-de-reunion-de-comite-directeur\/","og_site_name":"Arc Club Saint-Lois","article_modified_time":"2025-11-25T16:21:07+00:00","twitter_card":"summary_large_image","twitter_misc":{"Est. reading time":"1 minute"},"schema":{"@context":"https:\/\/schema.org","@graph":[{"@type":"WebPage","@id":"https:\/\/arcclubsaintlois.fr\/index.php\/compte-rendu-de-reunion-de-comite-directeur\/","url":"https:\/\/arcclubsaintlois.fr\/index.php\/compte-rendu-de-reunion-de-comite-directeur\/","name":"Compte rendu de r\u00e9union de comit\u00e9 directeur - Arc Club Saint-Lois","isPartOf":{"@id":"https:\/\/arcclubsaintlois.fr\/#website"},"datePublished":"2018-12-08T13:33:31+00:00","dateModified":"2025-11-25T16:21:07+00:00","breadcrumb":{"@id":"https:\/\/arcclubsaintlois.fr\/index.php\/compte-rendu-de-reunion-de-comite-directeur\/#breadcrumb"},"inLanguage":"en-US","potentialAction":[{"@type":"ReadAction","target":["https:\/\/arcclubsaintlois.fr\/index.php\/compte-rendu-de-reunion-de-comite-directeur\/"]}]},{"@type":"BreadcrumbList","@id":"https:\/\/arcclubsaintlois.fr\/index.php\/compte-rendu-de-reunion-de-comite-directeur\/#breadcrumb","itemListElement":[{"@type":"ListItem","position":1,"name":"Accueil","item":"https:\/\/arcclubsaintlois.fr\/"},{"@type":"ListItem","position":2,"name":"Compte rendu de r\u00e9union de comit\u00e9 directeur"}]},{"@type":"WebSite","@id":"https:\/\/arcclubsaintlois.fr\/#website","url":"https:\/\/arcclubsaintlois.fr\/","name":"Arc Club Saint-Lois","description":"Le tir \u00e0 l&#039;arc sur St L\u00f4 pour tous","potentialAction":[{"@type":"SearchAction","target":{"@type":"EntryPoint","urlTemplate":"https:\/\/arcclubsaintlois.fr\/?s={search_term_string}"},"query-input":"required name=search_term_string"}],"inLanguage":"en-US"}]}},"_links":{"self":[{"href":"https:\/\/arcclubsaintlois.fr\/index.php\/wp-json\/wp\/v2\/pages\/6966","targetHints":{"allow":["GET"]}}],"collection":[{"href":"https:\/\/arcclubsaintlois.fr\/index.php\/wp-json\/wp\/v2\/pages"}],"about":[{"href":"https:\/\/arcclubsaintlois.fr\/index.php\/wp-json\/wp\/v2\/types\/page"}],"author":[{"embeddable":true,"href":"https:\/\/arcclubsaintlois.fr\/index.php\/wp-json\/wp\/v2\/users\/6"}],"replies":[{"embeddable":true,"href":"https:\/\/arcclubsaintlois.fr\/index.php\/wp-json\/wp\/v2\/comments?post=6966"}],"version-history":[{"count":8,"href":"https:\/\/arcclubsaintlois.fr\/index.php\/wp-json\/wp\/v2\/pages\/6966\/revisions"}],"predecessor-version":[{"id":9451,"href":"https:\/\/arcclubsaintlois.fr\/index.php\/wp-json\/wp\/v2\/pages\/6966\/revisions\/9451"}],"wp:attachment":[{"href":"https:\/\/arcclubsaintlois.fr\/index.php\/wp-json\/wp\/v2\/media?parent=6966"}],"curies":[{"name":"wp","href":"https:\/\/api.w.org\/{rel}","templated":true}]}}