{"id":68,"date":"2010-02-12T21:07:21","date_gmt":"2010-02-12T21:07:21","guid":{"rendered":"http:\/\/www.arcclubsaintlois.fr\/?page_id=68"},"modified":"2024-09-06T16:53:13","modified_gmt":"2024-09-06T14:53:13","slug":"tarifs","status":"publish","type":"page","link":"https:\/\/arcclubsaintlois.fr\/index.php\/le-club\/tarifs\/","title":{"rendered":"Tarifs"},"content":{"rendered":"<h3><span style=\"text-decoration: underline;\"><strong>Saison 2024-2025<\/strong><\/span><\/h3>\n<ul>\n<li>jeunes 95\u20ac<\/li>\n<li>adultes comp\u00e9tition 120\u20ac<\/li>\n<li>adultes club 110\u20ac<\/li>\n<li>d\u00e9couverte 25\u20ac<\/li>\n<li>d\u00e9duction famille (\u00e0 compter du 2\u00e8 membre -5\u20ac)<\/li>\n<\/ul>\n<p>pr\u00e9voir pour les d\u00e9butants: 1 carquois, 6 fl\u00e8ches, 1 brassard de protection, 1 \u00e9lastique d&#8217;\u00e9chauffement (offert) et une fausse corde.<\/p>\n<p><strong> co\u00fbt: 45\u20ac par le biais du club<\/strong><strong>, cet \u00e9quipement reste la propri\u00e9t\u00e9 de l&#8217;archer.<\/strong><\/p>\n<p><strong>M\u00eame lot avec en plus le T-shirt floqu\u00e9 du club 60\u20ac.<\/strong><\/p>\n<p>La licence &#8220;DECOUVERTE&#8221; \u00e0 partir du 1er mars, est r\u00e9serv\u00e9e aux archers d\u00e9butants&nbsp; et ne permet pas de participer aux comp\u00e9titions.<\/p>\n<p><strong>Un simple questionnaire de sant\u00e9 suffit maintenant, en cas de r\u00e9ponse positive \u00e0 une des questions un certificat m\u00e9dical sera demand\u00e9.<br \/>\n<\/strong><\/p>\n","protected":false},"excerpt":{"rendered":"<p>Saison 2024-2025 jeunes 95\u20ac adultes comp\u00e9tition 120\u20ac adultes club 110\u20ac d\u00e9couverte 25\u20ac d\u00e9duction famille (\u00e0 compter du 2\u00e8 membre -5\u20ac) pr\u00e9voir pour les d\u00e9butants: 1 carquois, 6 fl\u00e8ches, 1 brassard de protection, 1 \u00e9lastique d&#8217;\u00e9chauffement (offert) et une fausse corde. co\u00fbt: 45\u20ac par le biais du club, cet \u00e9quipement reste la propri\u00e9t\u00e9 de l&#8217;archer. M\u00eame lot avec en plus le T-shirt floqu\u00e9 du club 60\u20ac. La licence &#8220;DECOUVERTE&#8221; \u00e0 partir du 1er mars, est r\u00e9serv\u00e9e aux archers d\u00e9butants&nbsp; et ne&#8230;<\/p>\n<p class=\"read-more\"><a class=\"btn btn-default\" href=\"https:\/\/arcclubsaintlois.fr\/index.php\/le-club\/tarifs\/\"> Read More<span class=\"screen-reader-text\">  Read More<\/span><\/a><\/p>\n","protected":false},"author":2,"featured_media":0,"parent":489,"menu_order":0,"comment_status":"closed","ping_status":"open","template":"","meta":{"ngg_post_thumbnail":0,"footnotes":""},"class_list":["post-68","page","type-page","status-publish","hentry"],"yoast_head":"<!-- This site is optimized with the Yoast SEO plugin v19.6.1 - https:\/\/yoast.com\/wordpress\/plugins\/seo\/ -->\n<title>Tarifs - Arc Club Saint-Lois<\/title>\n<meta name=\"robots\" content=\"index, follow, max-snippet:-1, max-image-preview:large, max-video-preview:-1\" \/>\n<link rel=\"canonical\" href=\"https:\/\/arcclubsaintlois.fr\/index.php\/le-club\/tarifs\/\" \/>\n<meta property=\"og:locale\" content=\"en_US\" \/>\n<meta property=\"og:type\" content=\"article\" \/>\n<meta property=\"og:title\" content=\"Tarifs - Arc Club Saint-Lois\" \/>\n<meta property=\"og:description\" content=\"Saison 2024-2025 jeunes 95\u20ac adultes comp\u00e9tition 120\u20ac adultes club 110\u20ac d\u00e9couverte 25\u20ac d\u00e9duction famille (\u00e0 compter du 2\u00e8 membre -5\u20ac) pr\u00e9voir pour les d\u00e9butants: 1 carquois, 6 fl\u00e8ches, 1 brassard de protection, 1 \u00e9lastique d&#8217;\u00e9chauffement (offert) et une fausse corde. co\u00fbt: 45\u20ac par le biais du club, cet \u00e9quipement reste la propri\u00e9t\u00e9 de l&#8217;archer. M\u00eame lot avec en plus le T-shirt floqu\u00e9 du club 60\u20ac. La licence &#8220;DECOUVERTE&#8221; \u00e0 partir du 1er mars, est r\u00e9serv\u00e9e aux archers d\u00e9butants&nbsp; et ne... Read More Read More\" \/>\n<meta property=\"og:url\" content=\"https:\/\/arcclubsaintlois.fr\/index.php\/le-club\/tarifs\/\" \/>\n<meta property=\"og:site_name\" content=\"Arc Club Saint-Lois\" \/>\n<meta property=\"article:modified_time\" content=\"2024-09-06T14:53:13+00:00\" \/>\n<meta name=\"twitter:card\" content=\"summary_large_image\" \/>\n<meta name=\"twitter:label1\" content=\"Est. reading time\" \/>\n\t<meta name=\"twitter:data1\" content=\"1 minute\" \/>\n<script type=\"application\/ld+json\" class=\"yoast-schema-graph\">{\"@context\":\"https:\/\/schema.org\",\"@graph\":[{\"@type\":\"WebPage\",\"@id\":\"https:\/\/arcclubsaintlois.fr\/index.php\/le-club\/tarifs\/\",\"url\":\"https:\/\/arcclubsaintlois.fr\/index.php\/le-club\/tarifs\/\",\"name\":\"Tarifs - Arc Club Saint-Lois\",\"isPartOf\":{\"@id\":\"https:\/\/arcclubsaintlois.fr\/#website\"},\"datePublished\":\"2010-02-12T21:07:21+00:00\",\"dateModified\":\"2024-09-06T14:53:13+00:00\",\"breadcrumb\":{\"@id\":\"https:\/\/arcclubsaintlois.fr\/index.php\/le-club\/tarifs\/#breadcrumb\"},\"inLanguage\":\"en-US\",\"potentialAction\":[{\"@type\":\"ReadAction\",\"target\":[\"https:\/\/arcclubsaintlois.fr\/index.php\/le-club\/tarifs\/\"]}]},{\"@type\":\"BreadcrumbList\",\"@id\":\"https:\/\/arcclubsaintlois.fr\/index.php\/le-club\/tarifs\/#breadcrumb\",\"itemListElement\":[{\"@type\":\"ListItem\",\"position\":1,\"name\":\"Accueil\",\"item\":\"https:\/\/arcclubsaintlois.fr\/\"},{\"@type\":\"ListItem\",\"position\":2,\"name\":\"Le club\",\"item\":\"https:\/\/arcclubsaintlois.fr\/index.php\/le-club\/\"},{\"@type\":\"ListItem\",\"position\":3,\"name\":\"Tarifs\"}]},{\"@type\":\"WebSite\",\"@id\":\"https:\/\/arcclubsaintlois.fr\/#website\",\"url\":\"https:\/\/arcclubsaintlois.fr\/\",\"name\":\"Arc Club Saint-Lois\",\"description\":\"Le tir \u00e0 l&#039;arc sur St L\u00f4 pour tous\",\"potentialAction\":[{\"@type\":\"SearchAction\",\"target\":{\"@type\":\"EntryPoint\",\"urlTemplate\":\"https:\/\/arcclubsaintlois.fr\/?s={search_term_string}\"},\"query-input\":\"required name=search_term_string\"}],\"inLanguage\":\"en-US\"}]}<\/script>\n<!-- \/ Yoast SEO plugin. -->","yoast_head_json":{"title":"Tarifs - Arc Club Saint-Lois","robots":{"index":"index","follow":"follow","max-snippet":"max-snippet:-1","max-image-preview":"max-image-preview:large","max-video-preview":"max-video-preview:-1"},"canonical":"https:\/\/arcclubsaintlois.fr\/index.php\/le-club\/tarifs\/","og_locale":"en_US","og_type":"article","og_title":"Tarifs - Arc Club Saint-Lois","og_description":"Saison 2024-2025 jeunes 95\u20ac adultes comp\u00e9tition 120\u20ac adultes club 110\u20ac d\u00e9couverte 25\u20ac d\u00e9duction famille (\u00e0 compter du 2\u00e8 membre -5\u20ac) pr\u00e9voir pour les d\u00e9butants: 1 carquois, 6 fl\u00e8ches, 1 brassard de protection, 1 \u00e9lastique d&#8217;\u00e9chauffement (offert) et une fausse corde. co\u00fbt: 45\u20ac par le biais du club, cet \u00e9quipement reste la propri\u00e9t\u00e9 de l&#8217;archer. M\u00eame lot avec en plus le T-shirt floqu\u00e9 du club 60\u20ac. La licence &#8220;DECOUVERTE&#8221; \u00e0 partir du 1er mars, est r\u00e9serv\u00e9e aux archers d\u00e9butants&nbsp; et ne... Read More Read More","og_url":"https:\/\/arcclubsaintlois.fr\/index.php\/le-club\/tarifs\/","og_site_name":"Arc Club Saint-Lois","article_modified_time":"2024-09-06T14:53:13+00:00","twitter_card":"summary_large_image","twitter_misc":{"Est. reading time":"1 minute"},"schema":{"@context":"https:\/\/schema.org","@graph":[{"@type":"WebPage","@id":"https:\/\/arcclubsaintlois.fr\/index.php\/le-club\/tarifs\/","url":"https:\/\/arcclubsaintlois.fr\/index.php\/le-club\/tarifs\/","name":"Tarifs - Arc Club Saint-Lois","isPartOf":{"@id":"https:\/\/arcclubsaintlois.fr\/#website"},"datePublished":"2010-02-12T21:07:21+00:00","dateModified":"2024-09-06T14:53:13+00:00","breadcrumb":{"@id":"https:\/\/arcclubsaintlois.fr\/index.php\/le-club\/tarifs\/#breadcrumb"},"inLanguage":"en-US","potentialAction":[{"@type":"ReadAction","target":["https:\/\/arcclubsaintlois.fr\/index.php\/le-club\/tarifs\/"]}]},{"@type":"BreadcrumbList","@id":"https:\/\/arcclubsaintlois.fr\/index.php\/le-club\/tarifs\/#breadcrumb","itemListElement":[{"@type":"ListItem","position":1,"name":"Accueil","item":"https:\/\/arcclubsaintlois.fr\/"},{"@type":"ListItem","position":2,"name":"Le club","item":"https:\/\/arcclubsaintlois.fr\/index.php\/le-club\/"},{"@type":"ListItem","position":3,"name":"Tarifs"}]},{"@type":"WebSite","@id":"https:\/\/arcclubsaintlois.fr\/#website","url":"https:\/\/arcclubsaintlois.fr\/","name":"Arc Club Saint-Lois","description":"Le tir \u00e0 l&#039;arc sur St L\u00f4 pour tous","potentialAction":[{"@type":"SearchAction","target":{"@type":"EntryPoint","urlTemplate":"https:\/\/arcclubsaintlois.fr\/?s={search_term_string}"},"query-input":"required name=search_term_string"}],"inLanguage":"en-US"}]}},"_links":{"self":[{"href":"https:\/\/arcclubsaintlois.fr\/index.php\/wp-json\/wp\/v2\/pages\/68","targetHints":{"allow":["GET"]}}],"collection":[{"href":"https:\/\/arcclubsaintlois.fr\/index.php\/wp-json\/wp\/v2\/pages"}],"about":[{"href":"https:\/\/arcclubsaintlois.fr\/index.php\/wp-json\/wp\/v2\/types\/page"}],"author":[{"embeddable":true,"href":"https:\/\/arcclubsaintlois.fr\/index.php\/wp-json\/wp\/v2\/users\/2"}],"replies":[{"embeddable":true,"href":"https:\/\/arcclubsaintlois.fr\/index.php\/wp-json\/wp\/v2\/comments?post=68"}],"version-history":[{"count":4,"href":"https:\/\/arcclubsaintlois.fr\/index.php\/wp-json\/wp\/v2\/pages\/68\/revisions"}],"predecessor-version":[{"id":9385,"href":"https:\/\/arcclubsaintlois.fr\/index.php\/wp-json\/wp\/v2\/pages\/68\/revisions\/9385"}],"up":[{"embeddable":true,"href":"https:\/\/arcclubsaintlois.fr\/index.php\/wp-json\/wp\/v2\/pages\/489"}],"wp:attachment":[{"href":"https:\/\/arcclubsaintlois.fr\/index.php\/wp-json\/wp\/v2\/media?parent=68"}],"curies":[{"name":"wp","href":"https:\/\/api.w.org\/{rel}","templated":true}]}}