{"id":3425,"date":"2013-01-08T09:19:46","date_gmt":"2013-01-08T08:19:46","guid":{"rendered":"http:\/\/www.arcclubsaintlois.fr\/?page_id=3425"},"modified":"2026-02-08T21:52:06","modified_gmt":"2026-02-08T20:52:06","slug":"boutique","status":"publish","type":"page","link":"https:\/\/arcclubsaintlois.fr\/index.php\/boutique\/","title":{"rendered":"Boutique"},"content":{"rendered":"\n<p class=\"has-text-align-center\"><strong>Tenues de club<\/strong><\/p>\n\n\n\n<p>Lors des comp\u00e9titions les comp\u00e9titeurs doivent porter une tenue de club ou blanche voil\u00e0 pourquoi nous proposons des tenues de club.<\/p>\n\n\n\n<p>Pour commander ou avoir plus de renseignement contactez Gabin Masson lors des entrainements ou \u00e0 president@arcclubsaintlois.fr<\/p>\n\n\n\n<p>Voici en lien le catalogue, il n&#8217;y as pas eu de changement en 2026 depuis la version ci-dessous<\/p>\n\n\n\n<div data-wp-interactive=\"core\/file\" class=\"wp-block-file\"><object data-wp-bind--hidden=\"!state.hasPdfPreview\" hidden class=\"wp-block-file__embed\" data=\"https:\/\/arcclubsaintlois.fr\/wp-content\/uploads\/2023\/01\/catalogue2022.pdf\" type=\"application\/pdf\" style=\"width:100%;height:600px\" aria-label=\"Embed of catalogue2022.\"><\/object><a id=\"wp-block-file--media-50590f56-ba8b-48f8-a978-ad8342c30688\" href=\"https:\/\/arcclubsaintlois.fr\/wp-content\/uploads\/2023\/01\/catalogue2022.pdf\">catalogue2022<\/a><a href=\"https:\/\/arcclubsaintlois.fr\/wp-content\/uploads\/2023\/01\/catalogue2022.pdf\" class=\"wp-block-file__button wp-element-button\" download aria-describedby=\"wp-block-file--media-50590f56-ba8b-48f8-a978-ad8342c30688\">Download<\/a><\/div>\n\n\n\n<div data-wp-interactive=\"core\/file\" class=\"wp-block-file\"><object data-wp-bind--hidden=\"!state.hasPdfPreview\" hidden class=\"wp-block-file__embed\" data=\"https:\/\/arcclubsaintlois.fr\/wp-content\/uploads\/2026\/02\/Vetement-ACSL-2026.pdf\" type=\"application\/pdf\" style=\"width:100%;height:600px\" aria-label=\"Embed of Vetement ACSL 2026.\"><\/object><a id=\"wp-block-file--media-b6e47e19-9d8f-482e-b049-dd71cf10ee86\" href=\"https:\/\/arcclubsaintlois.fr\/wp-content\/uploads\/2026\/02\/Vetement-ACSL-2026.pdf\">Vetement ACSL 2026<\/a><a href=\"https:\/\/arcclubsaintlois.fr\/wp-content\/uploads\/2026\/02\/Vetement-ACSL-2026.pdf\" class=\"wp-block-file__button wp-element-button\" download aria-describedby=\"wp-block-file--media-b6e47e19-9d8f-482e-b049-dd71cf10ee86\">Download<\/a><\/div>\n","protected":false},"excerpt":{"rendered":"<p>Tenues de club Lors des comp\u00e9titions les comp\u00e9titeurs doivent porter une tenue de club ou blanche voil\u00e0 pourquoi nous proposons des tenues de club. Pour commander ou avoir plus de renseignement contactez Gabin Masson lors des entrainements ou \u00e0 president@arcclubsaintlois.fr Voici en lien le catalogue, il n&#8217;y as pas eu de changement en 2026 depuis la version ci-dessous<\/p>\n","protected":false},"author":1,"featured_media":0,"parent":0,"menu_order":0,"comment_status":"open","ping_status":"closed","template":"","meta":{"ngg_post_thumbnail":0,"footnotes":""},"class_list":["post-3425","page","type-page","status-publish","hentry"],"yoast_head":"<!-- This site is optimized with the Yoast SEO plugin v19.6.1 - https:\/\/yoast.com\/wordpress\/plugins\/seo\/ -->\n<title>Boutique - Arc Club Saint-Lois<\/title>\n<meta name=\"robots\" content=\"index, follow, max-snippet:-1, max-image-preview:large, max-video-preview:-1\" \/>\n<link rel=\"canonical\" href=\"https:\/\/arcclubsaintlois.fr\/index.php\/boutique\/\" \/>\n<meta property=\"og:locale\" content=\"en_US\" \/>\n<meta property=\"og:type\" content=\"article\" \/>\n<meta property=\"og:title\" content=\"Boutique - Arc Club Saint-Lois\" \/>\n<meta property=\"og:description\" content=\"Tenues de club Lors des comp\u00e9titions les comp\u00e9titeurs doivent porter une tenue de club ou blanche voil\u00e0 pourquoi nous proposons des tenues de club. Pour commander ou avoir plus de renseignement contactez Gabin Masson lors des entrainements ou \u00e0 president@arcclubsaintlois.fr Voici en lien le catalogue, il n&#8217;y as pas eu de changement en 2026 depuis la version ci-dessous\" \/>\n<meta property=\"og:url\" content=\"https:\/\/arcclubsaintlois.fr\/index.php\/boutique\/\" \/>\n<meta property=\"og:site_name\" content=\"Arc Club Saint-Lois\" \/>\n<meta property=\"article:modified_time\" content=\"2026-02-08T20:52:06+00:00\" \/>\n<meta name=\"twitter:card\" content=\"summary_large_image\" \/>\n<meta name=\"twitter:label1\" content=\"Est. reading time\" \/>\n\t<meta name=\"twitter:data1\" content=\"1 minute\" \/>\n<script type=\"application\/ld+json\" class=\"yoast-schema-graph\">{\"@context\":\"https:\/\/schema.org\",\"@graph\":[{\"@type\":\"WebPage\",\"@id\":\"https:\/\/arcclubsaintlois.fr\/index.php\/boutique\/\",\"url\":\"https:\/\/arcclubsaintlois.fr\/index.php\/boutique\/\",\"name\":\"Boutique - Arc Club Saint-Lois\",\"isPartOf\":{\"@id\":\"https:\/\/arcclubsaintlois.fr\/#website\"},\"datePublished\":\"2013-01-08T08:19:46+00:00\",\"dateModified\":\"2026-02-08T20:52:06+00:00\",\"breadcrumb\":{\"@id\":\"https:\/\/arcclubsaintlois.fr\/index.php\/boutique\/#breadcrumb\"},\"inLanguage\":\"en-US\",\"potentialAction\":[{\"@type\":\"ReadAction\",\"target\":[\"https:\/\/arcclubsaintlois.fr\/index.php\/boutique\/\"]}]},{\"@type\":\"BreadcrumbList\",\"@id\":\"https:\/\/arcclubsaintlois.fr\/index.php\/boutique\/#breadcrumb\",\"itemListElement\":[{\"@type\":\"ListItem\",\"position\":1,\"name\":\"Accueil\",\"item\":\"https:\/\/arcclubsaintlois.fr\/\"},{\"@type\":\"ListItem\",\"position\":2,\"name\":\"Boutique\"}]},{\"@type\":\"WebSite\",\"@id\":\"https:\/\/arcclubsaintlois.fr\/#website\",\"url\":\"https:\/\/arcclubsaintlois.fr\/\",\"name\":\"Arc Club Saint-Lois\",\"description\":\"Le tir \u00e0 l&#039;arc sur St L\u00f4 pour tous\",\"potentialAction\":[{\"@type\":\"SearchAction\",\"target\":{\"@type\":\"EntryPoint\",\"urlTemplate\":\"https:\/\/arcclubsaintlois.fr\/?s={search_term_string}\"},\"query-input\":\"required name=search_term_string\"}],\"inLanguage\":\"en-US\"}]}<\/script>\n<!-- \/ Yoast SEO plugin. -->","yoast_head_json":{"title":"Boutique - Arc Club Saint-Lois","robots":{"index":"index","follow":"follow","max-snippet":"max-snippet:-1","max-image-preview":"max-image-preview:large","max-video-preview":"max-video-preview:-1"},"canonical":"https:\/\/arcclubsaintlois.fr\/index.php\/boutique\/","og_locale":"en_US","og_type":"article","og_title":"Boutique - Arc Club Saint-Lois","og_description":"Tenues de club Lors des comp\u00e9titions les comp\u00e9titeurs doivent porter une tenue de club ou blanche voil\u00e0 pourquoi nous proposons des tenues de club. Pour commander ou avoir plus de renseignement contactez Gabin Masson lors des entrainements ou \u00e0 president@arcclubsaintlois.fr Voici en lien le catalogue, il n&#8217;y as pas eu de changement en 2026 depuis la version ci-dessous","og_url":"https:\/\/arcclubsaintlois.fr\/index.php\/boutique\/","og_site_name":"Arc Club Saint-Lois","article_modified_time":"2026-02-08T20:52:06+00:00","twitter_card":"summary_large_image","twitter_misc":{"Est. reading time":"1 minute"},"schema":{"@context":"https:\/\/schema.org","@graph":[{"@type":"WebPage","@id":"https:\/\/arcclubsaintlois.fr\/index.php\/boutique\/","url":"https:\/\/arcclubsaintlois.fr\/index.php\/boutique\/","name":"Boutique - Arc Club Saint-Lois","isPartOf":{"@id":"https:\/\/arcclubsaintlois.fr\/#website"},"datePublished":"2013-01-08T08:19:46+00:00","dateModified":"2026-02-08T20:52:06+00:00","breadcrumb":{"@id":"https:\/\/arcclubsaintlois.fr\/index.php\/boutique\/#breadcrumb"},"inLanguage":"en-US","potentialAction":[{"@type":"ReadAction","target":["https:\/\/arcclubsaintlois.fr\/index.php\/boutique\/"]}]},{"@type":"BreadcrumbList","@id":"https:\/\/arcclubsaintlois.fr\/index.php\/boutique\/#breadcrumb","itemListElement":[{"@type":"ListItem","position":1,"name":"Accueil","item":"https:\/\/arcclubsaintlois.fr\/"},{"@type":"ListItem","position":2,"name":"Boutique"}]},{"@type":"WebSite","@id":"https:\/\/arcclubsaintlois.fr\/#website","url":"https:\/\/arcclubsaintlois.fr\/","name":"Arc Club Saint-Lois","description":"Le tir \u00e0 l&#039;arc sur St L\u00f4 pour tous","potentialAction":[{"@type":"SearchAction","target":{"@type":"EntryPoint","urlTemplate":"https:\/\/arcclubsaintlois.fr\/?s={search_term_string}"},"query-input":"required name=search_term_string"}],"inLanguage":"en-US"}]}},"_links":{"self":[{"href":"https:\/\/arcclubsaintlois.fr\/index.php\/wp-json\/wp\/v2\/pages\/3425","targetHints":{"allow":["GET"]}}],"collection":[{"href":"https:\/\/arcclubsaintlois.fr\/index.php\/wp-json\/wp\/v2\/pages"}],"about":[{"href":"https:\/\/arcclubsaintlois.fr\/index.php\/wp-json\/wp\/v2\/types\/page"}],"author":[{"embeddable":true,"href":"https:\/\/arcclubsaintlois.fr\/index.php\/wp-json\/wp\/v2\/users\/1"}],"replies":[{"embeddable":true,"href":"https:\/\/arcclubsaintlois.fr\/index.php\/wp-json\/wp\/v2\/comments?post=3425"}],"version-history":[{"count":6,"href":"https:\/\/arcclubsaintlois.fr\/index.php\/wp-json\/wp\/v2\/pages\/3425\/revisions"}],"predecessor-version":[{"id":9461,"href":"https:\/\/arcclubsaintlois.fr\/index.php\/wp-json\/wp\/v2\/pages\/3425\/revisions\/9461"}],"wp:attachment":[{"href":"https:\/\/arcclubsaintlois.fr\/index.php\/wp-json\/wp\/v2\/media?parent=3425"}],"curies":[{"name":"wp","href":"https:\/\/api.w.org\/{rel}","templated":true}]}}